+ 434?
431
In base 9, what is -4 + 1173?
1168
In base 8, what is 7520 - 0?
7520
In base 14, what is 0 - 78a?
-78a
In base 12, what is -a6a + -1?
-a6b
In base 6, what is 234 - 13?
221
In base 3, what is -201112 + 12?
-201100
In base 4, what is -3 - 1?
-10
In base 9, what is 0 + 1676?
1676
In base 5, what is 103 - 2?
101
In base 14, what is -2 + 0?
-2
In base 12, what is 3 + a51?
a54
In base 16, what is 8c4 - 4?
8c0
In base 3, what is -22102022 + 2?
-22102020
In base 11, what is 534 - 6?
529
In base 14, what is 0 - 1?
-1
In base 15, what is 21b - 3?
218
In base 7, what is -13 - -115?
102
In base 11, what is 159a6 - 5?
159a1
In base 5, what is -33123 + 3?
-33120
In base 3, what is 121 + -2?
112
In base 14, what is -9 + -258?
-263
In base 15, what is -13d + -5?
-143
In base 3, what is 121 - 121010?
-120112
In base 4, what is -33321 + 0?
-33321
In base 6, what is 1501 - 43?
1414
In base 13, what is -27 - -36?
c
In base 4, what is -133330 - 10?
-200000
In base 12, what is 5 + -2bb?
-2b6
In base 13, what is -103 + 5?
-cb
In base 4, what is 3 + -12303?
-12300
In base 16, what is 0 + 75a?
75a
In base 2, what is -101 + 1100001?
1011100
In base 5, what is 113 + -4?
104
In base 15, what is -5 + 6c4?
6be
In base 4, what is -10132 + 0?
-10132
In base 6, what is 2 - -210?
212
In base 9, what is -4 - -1667?
1663
In base 3, what is -11102012 + 10?
-11102002
In base 7, what is 14 + -41?
-24
In base 3, what is -1000 + -20212?
-21212
In base 14, what is 2 - -1dc?
200
In base 4, what is -31 - -2320?
2223
In base 12, what is 10 - 142?
-132
In base 2, what is 1010 - -110?
10000
In base 11, what is -7 + -21?
-28
In base 7, what is -4 - -12146?
12142
In base 13, what is 532 - 0?
532
In base 9, what is 7 + -174?
-166
In base 13, what is 6 - -14b?
154
In base 7, what is -1442 + -5?
-1450
In base 4, what is 20132 + 0?
20132
In base 11, what is -406 + 50?
-366
In base 9, what is -11876 + -5?
-11882
In base 12, what is 5 - 0?
5
In base 12, what is 1 + 1684?
1685
In base 12, what is 47 - 5?
42
In base 12, what is 5 - -56?
5b
In base 14, what is 7 + aa?
b3
In base 13, what is -21a + 4?
-216
In base 10, what is 609 + -2?
607
In base 4, what is -112220 + 22?
-112132
In base 2, what is 10100100 - -1010?
10101110
In base 9, what is -4 + 774?
770
In base 11, what is -10 - -24?
14
In base 16, what is -2 + 1e6?
1e4
In base 6, what is 322 + 100?
422
In base 12, what is 7 + -20?
-15
In base 13, what is -36 + -109?
-142
In base 9, what is 28 + 264?
303
In base 3, what is -221010 + 1?
-221002
In base 8, what is 23 - 160?
-135
In base 10, what is -604 + 5?
-599
In base 16, what is -7a - 12?
-8c
In base 2, what is 1 - -11001?
11010
In base 2, what is -100 - -10011000?
10010100
In base 12, what is -62 + -4?
-66
In base 14, what is 248 - 4?
244
In base 15, what is -3 + 53?
50
In base 15, what is 2 - 6a?
-68
In base 12, what is -561a + 2?
-5618
In base 11, what is -4390 - -3?
-4388
In base 5, what is 3 - -4003?
4011
In base 4, what is -3132 - -1?
-3131
In base 16, what is 1 - -9f?
a0
In base 6, what is 2 - -53?
55
In base 9, what is 35 - -188?
234
In base 15, what is -4 - -9c?
98
In base 9, what is 0 - 84?
-84
In base 6, what is -3 + 1?
-2
In base 10, what is -2113 + -2?
-2115
In base 13, what is -11 - -5?
-9
In base 2, what is -1 - -1?
0
In base 11, what is 87 + -13?
74
In base 6, what is 0 + 11432?
11432
In base 7, what is -6 + -4?
-13
In base 3, what is 2 + 2100222?
2101001
In base 8, what is -7010 + 1?
-7007
In base 3, what is 10 + 11?
21
In base 10, what is -163 - -22?
-141
In base 5, what is -1022 + 10?
-1012
In base 8, what is 26 - 0?
26
In base 8, what is -4 + -115?
-121
In base 6, what is -2 + -5013?
-5015
In base 14, what is -6b - 3?
-70
In base 14, what is 380 + 0?
380
In base 13, what is -6 + -20?
-26
In base 12, what is -4 - -154?
150
In base 15, what is -3 - d3c?
-d40
In base 3, what is -21211012 - -11?
-21211001
In base 13, what is 13 + a7?
ba
In base 4, what is 103 - 11320?
-11211
In base 10, what is -4 - -1680?
1676
In base 16, what is 34 + -3e?
-a
In base 10, what is -16014 - 1?
-16015
In base 6, what is -1005 + -4?
-1013
In base 10, what is 5 - 606?
-601
In base 10, what is -27 + 56?
29
In base 9, what is -40 + 20?
-20
In base 14, what is 336 - 8?
32c
In base 14, what is 4 - 68?
-64
In base 12, what is 44 + -5?
3b
In base 8, what is -4 - -6?
2
In base 14, what is 2 - -39?
3b
In base 3, what is -21202 - -12?
-21120
In base 4, what is 1001 - -200?
1201
In base 8, what is 32 + -6?
24
In base 5, what is -12 + -1032?
-1044
In base 16, what is -c78 + 4?
-c74
In base 3, what is 20112222 - -12?
20120011
In base 12, what is -88 - -3?
-85
In base 11, what is 1 - 15?
-14
In base 15, what is 6 - -160?
166
In base 8, what is -5 + -11124?
-11131
In base 2, what is -11110 - 11010?
-111000
In base 15, what is ac - 58?
54
In base 6, what is -25002 - -12?
-24550
In base 16, what is -6 - 0?
-6
In base 12, what is 20 - -b?
2b
In base 6, what is -2 + -504?
-510
In base 12, what is 20 - -56?
76
In base 9, what is -22 - -7?
-14
In base 7, what is 1102 - 5?
1064
In base 8, what is 0 + -2?
-2
In base 5, what is -213320 - -10?
-213310
In base 7, what is 11 - 5?
3
In base 5, what is 4 + -143?
-134
In base 3, what is 101120100 - 0?
101120100
In base 13, what is -4 + -64?
-68
In base 13, what is -1 + -4aa?
-4ab
In base 6, what is -145 - -1?
-144
In base 2, what is -1101 + 1000?
-101
In base 2, what is -10010 + -11111?
-110001
In base 6, what is 205 + -3?
202
In base 13, what is 5 + 9?
11
In base 10, what is -2 - -77?
75
In base 10, what is -2795 - -3?
-2792
In base 10, what is -4 - -6878?
6874
In base 14, what is 2 + -222?
-220
In base 13, what is -5 - -40?
38
In base 2, what is 1001 + 10101?
11110
In base 16, what is 7 - -26?
2d
In base 9, what is 4 - 126?
-122
In base 4, what is 0 - 12221?
-12221
In base 4, what is 21 + -10?
11
In base 14, what is 106 - -4?
10a
In base 12, what is -5 - -10a9?
10a4
In base 3, what is 11 + 12000?
12011
In base 7, what is 3 - -422?
425
In base 6, what is 41 + 2?
43
In base 7, what is 2 + -1006?
-1004
In base 12, what is 6 - 25?
-1b
In base 10, what is -661 + 10?
-651
In base 14, what is 0 + 2c9?
2c9
In base 3, what is -20212 - -220?
-12222
In base 13, what is -182 - -13?
-16c
In base 16, what is -b9 - -3?
-b6
In base 11, what is 594 - -1?
595
In base 7, what is 16 - -152?
201
In base 16, what is -2c - 1c3?
-1ef
In base 10, what is 209 + -4?
205
In base 10, what is 43 - 2?
41
In base 8, what is 3 - 11517?
-11514
In base 7, what is -2 + -15131?
-15133
In base 2, what is -10001 - -1000?
-1001
In base 5, what is -3 + -2021?
-2024
In base 8, what is 40550 + 1?
40551
In base 3, what is -1201 + 210?
-221
In base 4, what is -123021 - -13?
-123002
In base 11, what is -2 - 53?
-55
In base 9, what is -2 + -17?
-20
In base 11, what is a47 + -3?
a44
In base 6, what is 45 - 420?
-331
In base 12, what is -2 + 11?
b
In base 14, what is -3bd + -3?
-3c2
In base 13, what is -2b3 - -3?
-2b0
In base 10, what is 83 - 35?
48
In base 3, what is 21 + -22?
-1
In base 8, what is 211 - 11?
200
In base 3, what is -10220200 + 0?
-10220200
In base 4, what is -212 + 0?
-212
In base 14, what is -36 + 2?
-34
In base 8, what is 0 - -107?
107
In base 7, what is -66 + -213?
-312
In base 10, what is 2 + 843?
845
In base 8, what is -25 - 2767?
-3014
In base 5, what is 3 - -1222?
1230
In base 16, what is -1dde + -4?
-1de2
In base 14, what is bd + b?
ca
In base 3, what is 110 + 21220?
22100
In base 15, what is 0 + -1a?
-1a
In base 4, what is 3 - -1010?
1013
In base 15, what is 17dc + -1?
17db
In base 15, what is -57 + -2?
-59
In base 15, what is -c9c - -9?
-c93
In base 12, what is -5 - -a67?
a62
In base 16, what is -4 + 102?
fe
In base 10, what is -34 + 5?
-29
In base 8, what is -1050 + -1?
-1051
In base 15, what is 4 - 4?
0
In base 6, what is 0 - -211?
211
In base 15, what is 20 - 15?
a
In base 6, what is 13 - 2014?
-2001
In base 11, what is -186a + -5?
-1874
In base 10, what is 667 + -7?
660
In base 11, what is 0 + 43?
43
In base 9, what is 2457 - 3?
2454
In base 4, what is -212 + 10?
-202
In base 9, what is -5 - 835?
-841
In base 11, what is 95 + 3?
98
In base 15, what is -e6 + -2?
-e8
In base 5, what is 134 + -113?
21
In base 2, what is 1100101000 - -100?
1100101100
In base 7, what is 10150 - -4?
10